+ 507. Determine c(-111).
396
Let m(f) = 7*f**2 - 4627*f + 81033. What is m(18)?
15
Let w(x) = 4*x**2 - 372*x + 194. What is w(93)?
194
Let f(g) = -3601*g + 18694. Give f(5).
689
Let c(o) = -424*o + 8527. Determine c(20).
47
Let f(h) = -16895*h - 67597. Give f(-4).
-17
Let n(z) = 4*z**3 + 75*z**2 + 59*z + 123. Calculate n(-18).
33
Let j(y) = 10038*y + 91543. What is j(-9)?
1201
Let x(o) = 406039*o + 3248240. Calculate x(-8).
-72
Let a(g) = -g**2 - 12004*g - 2360783. Give a(-200).
17
Let t(g) = -10*g**3 - g**2 - 613*g - 1831. Calculate t(-3).
269
Let k(y) = -15544*y + 4. What is k(0)?
4
Let k(z) = -2*z**3 + 13*z**2 - z - 176. What is k(-6)?
730
Let w(k) = 1204*k - 28824. Calculate w(24).
72
Let i(k) = k**3 - 284*k**2 + 19552*k + 5983. Give i(166).
7
Let r(n) = 2*n**3 - 459*n**2 + 12638*n + 14. Determine r(32).
-50
Let a(u) = -u**3 + 151*u**2 + 310*u - 755. Calculate a(153).
-143
Let y(m) = -3*m**2 + 1041*m + 127583. Give y(-96).
-1
Let a(u) = 5*u - 44. Determine a(-11).
-99
Let i(c) = c**3 - 145*c**2 + 465*c - 26229. What is i(143)?
-632
Let w(q) = q**3 - 103*q**2 - 107*q + 1034. What is w(104)?
722
Let q(v) = 6251*v - 193864. Give q(31).
-83
Let c(s) = 5*s**2 - 527*s + 1531. Give c(3).
-5
Let x(l) = -2459*l - 27465. Calculate x(-11).
-416
Let a(q) = -5653*q - 55380. Determine a(-10).
1150
Let t(y) = -y**3 - 132*y**2 - 62*y + 9129. What is t(-131)?
90
Let x(b) = 756*b + 75566. What is x(-100)?
-34
Let s(b) = -3*b**2 + 85*b + 306. Give s(28).
334
Let q(t) = -t**3 - 32*t**2 + 681*t + 21418. Calculate q(-33).
34
Let a(t) = -4611*t - 41633. Determine a(-9).
-134
Let i(t) = -105*t + 1008. What is i(31)?
-2247
Let x(p) = -2*p**3 - 6*p**2 - 333*p + 3232. Calculate x(9).
-1709
Let v(x) = x**2 + 240586*x - 2165327. Calculate v(9).
28
Let w(k) = 830*k + 28133. Calculate w(-34).
-87
Let t(v) = 2*v**2 + 288*v + 6893. Determine t(-113).
-113
Let u(o) = o**3 - 23*o**2 + 438*o - 8108. Calculate u(20).
-548
Let i(a) = -217*a - 133568. Determine i(-613).
-547
Let m(f) = 227738*f - 1821918. What is m(8)?
-14
Let l(s) = 3606*s - 46867. Determine l(13).
11
Let b(q) = -q**3 - 22*q**2 + 84*q + 21. Calculate b(-25).
-204
Let w(c) = -c**2 - 70*c - 1031. Give w(-61).
-482
Let a(l) = 8*l**2 - 518*l - 6173. Determine a(75).
-23
Let o(y) = -113*y**2 - 4532*y + 23. Give o(-40).
503
Let v(h) = 9*h**2 - 12190*h + 60901. What is v(5)?
176
Let t(n) = -5*n**2 + 392*n + 4898. Give t(-11).
-19
Let b(y) = 8*y**3 + 3*y**2 + 91*y - 223. Give b(3).
293
Let q(r) = -3*r**3 - 438*r**2 - 879*r - 2674. Determine q(-144).
-514
Let t(d) = 379*d + 164575. Calculate t(-432).
847
Let f(n) = n**3 + 255*n**2 + 294*n + 37. Give f(-1).
-3
Let v(x) = -10*x**3 - 144*x**2 - 29*x + 195. What is v(-14)?
-183
Let j(x) = -2*x**3 - 238*x**2 + 1242*x + 267. Determine j(-124).
19
Let b(v) = -157*v**2 + 29*v - 66. Calculate b(2).
-636
Let w(p) = -2*p**2 + 39*p + 47. Calculate w(19).
66
Let o(x) = 133*x**3 + 928*x**2 - 118*x - 675. Calculate o(-7).
4
Let g(h) = 15*h**3 + 7*h**2 + 8*h + 20. Give g(-2).
-88
Let d(g) = -520*g + 18262. Give d(46).
-5658
Let z(j) = -290357*j - 5807114. Determine z(-20).
26
Let n(d) = 19*d**2 - 176*d + 662. Determine n(9).
617
Let q(g) = -55*g + 7629. Calculate q(144).
-291
Let g(a) = -8*a**2 - 1819*a - 14715. Determine g(-8).
-675
Let o(p) = -3*p**2 + 58*p + 1495. Determine o(34).
-1
Let m(g) = -10*g**2 - 529*g + 1266. What is m(-59)?
-2333
Let n(u) = 9*u**2 + 222*u + 19. Determine n(-27).
586
Let n(w) = -26671*w + 32218577. What is n(1208)?
9
Let d(w) = -w**2 - 38*w + 608. Give d(14).
-120
Let h(y) = 325*y - 35708. Determine h(110).
42
Let q(r) = -3*r**3 + 2*r**2 + 279*r - 2413. What is q(8)?
-1589
Let v(a) = -a**3 - 297*a**2 - 9368*a + 7306. Determine v(-261).
-2
Let o(f) = f**3 + 8*f**2 - 212*f + 1082. Give o(-21).
-199
Let x(s) = -280962*s - 1404829. Calculate x(-5).
-19
Let n(f) = -f**3 - 180*f**2 - 2154*f - 3251. What is n(-11)?
-6
Let p(l) = l**3 - 10*l**2 - 539*l - 341. Calculate p(29).
7
Let u(r) = -51011*r + 51034. Determine u(1).
23
Let q(m) = -185*m**2 + 7767*m + 130. Calculate q(42).
4
Let d(t) = t**3 - 3274*t**2 - 99118*t + 98. Calculate d(-30).
38
Let z(c) = 18*c**2 + 173*c + 346. Give z(-2).
72
Let t(j) = 197*j**3 + 6*j**2 + 514*j + 508. Determine t(-1).
-197
Let i(f) = 2*f**3 - 174*f**2 + 2059*f - 4250. Give i(11).
7
Let m(n) = -n**3 + 117*n**2 - 399*n + 1105. What is m(114)?
-5393
Let t(z) = 3*z**3 + 2224*z**2 - 49598*z - 2267. What is t(-763)?
22
Let f(y) = 2*y**2 + 15*y + 55. Calculate f(-6).
37
Let i(s) = 128*s**3 + 6022*s**2 + 272*s - 469. Determine i(-47).
1
Let x(n) = -2*n**2 + 640*n - 1916. Calculate x(317).
-14
Let n(z) = 2809*z + 42103. What is n(-15)?
-32
Let n(j) = -15*j**3 + 241*j**2 - 149*j + 51. Calculate n(16).
-2077
Let q(u) = -8*u**3 - 17*u**2 - 24*u + 38. Calculate q(-5).
733
Let w(y) = 2*y**2 + 665*y - 22550. Give w(31).
-13
Let v(y) = y**3 + 88*y**2 + 36*y - 2968. Determine v(-87).
1469
Let u(p) = p**3 + 143*p**2 - 295*p - 768. Determine u(-145).
-43
Let u(z) = z**3 - 85*z**2 + 62*z + 1608. Calculate u(84).
-240
Let m(v) = -6384*v + 529763. What is m(83)?
-109
Let s(k) = -1002*k - 6965. Calculate s(-7).
49
Let f(i) = 2*i**3 - 3*i**2 + 2*i + 3633. What is f(0)?
3633
Let p(g) = 2*g**2 - 7827*g - 1093079. What is p(-135)?
16
Let o(i) = -18*i**3 + 9630*i**2 + 4. Give o(535).
4
Let c(r) = -r**3 + 336*r**2 + 1703*r + 1009. Give c(341).
327
Let s(d) = -d**2 - 288*d - 5638. Calculate s(-21).
-31
Let c(z) = 150*z**2 - 420*z - 853. What is c(-2)?
587
Let y(i) = -103*i**2 + 20*i - 14. What is y(5)?
-2489
Let r(k) = -k**2 + 85*k + 2873. Give r(108).
389
Let i(s) = -111*s**3 + 7*s**2 + 21*s + 22. Calculate i(-1).
119
Let r(q) = -4*q**3 + 81*q**2 - 740*q + 2772. Determine r(8).
-12
Let g(w) = -39*w**3 - 5*w**2 + 13*w + 24. What is g(2)?
-282
Let q(y) = 1080*y**2 + 38879*y - 35. Calculate q(-36).
1
Let f(h) = -1578*h + 109135. Determine f(69).
253
Let r(i) = 1653*i - 550453. Determine r(333).
-4
Let r(b) = 2*b**2 - 2017*b + 8039. Give r(4).
3
Let j(y) = -y**3 - 23*y**2 + 2200*y - 2750. Calculate j(36).
-14
Let s(y) = 13598*y - 231482. Calculate s(17).
-316
Let q(r) = -20957*r - 922182. What is q(-44)?
-74
Let d(x) = x**3 + 11*x**2 + 340*x + 14117. Determine d(-23).
-51
Let d(k) = 4*k**3 - 27*k**2 - 119*k + 642. What is d(4)?
-10
Let s(l) = 2*l**2 - 1087*l - 26664. Calculate s(567).
-15
Let t(x) = x**3 - 132*x**2 - 301*x + 4106. What is t(134)?
-316
Let b(p) = 29*p**2 + 1209*p - 2938. What is b(-44)?
10
Let y(k) = 2339508*k - 9358028. Determine y(4).
4
Let f(g) = 3*g**3 - 641*g**2 + 404*g + 2631. Give f(213).
-2055
Let z(i) = -7*i**2 - 4846*i + 22993. Give z(-697).
-8
Let u(b) = b**3 - 17*b**2 + 10*b + 604. Calculate u(10).
4
Let i(y) = y**2 - 677781*y + 4066681. What is i(6)?
31
Let n(l) = l**3 + 64*l**2 - 5536*l + 43. Give n(-113).
-70
Let p(v) = -v**2 - 1966*v - 132701. Give p(-70).
19
Let m(i) = -68*i**2 - 1187*i - 503. What is m(-17)?
24
Let b(k) = 6673*k + 1074360. Give b(-161).
7
Let g(h) = -h**3 - 461*h**2 - 705*h - 325024. What is g(-461)?
-19
Let x(q) = 129286*q - 387616. What is x(3)?
242
Let s(m) = -3*m**2 + 633*m - 230. What is s(211)?
-230
Let x(b) = -220*b + 105818. What is x(481)?
-2
Let s(l) = -3*l**2 + 234*l + 12749. Give s(-37).
-16
Let t(w) = -1151*w**2 + 20715*w + 54. Give t(18).
0
Let c(i) = -2*i**3 + 36*i**2 + 701*i - 12582. Give c(18).
36
Let i(s) = -179*s + 63147. What is i(353)?
-40
Let y(z) = -12*z**2 - 194*z + 1541. What is y(-22)?
1
Let l(z) = -673*z - 92256. Give l(-135).
-1401
Let h(s) = -2*s**3 + 219*s**2 - 3215*s - 478. Calculate h(92).
-18
Let s(t) = -3*t**2 - 43*t + 79382. Calculate s(-170).
-8
Let a(s) = -10029*s - 200587. Calculate a(-20).
-7
Let d(g) = -2*g**2 - 3098*g + 59524. Determine d(19).
-60
Let g(m) = -77908*m + 1791895. Calculate g(23).
11
Let z(d) = -133*d + 11394. Calculate z(82).
488
Let s(n) = -n**3 + 328*n**2 - 15655*n - 1377. Determine s(270).
-27
Let t(j) = -4*j**2 + 325*j - 353. Calculate t(79).
358
Let o(u) = 3*u**2 - 344*u - 27991. Calculate o(-55).
4
Let y(f) = -515*f - 46327. Give y(-85).
-2552
Let a(t) = -11*t**3 - 1993*t**2 - 434*t - 13008. Calculate a(-181).
24
Let s(x) = -x**3 - 8*x**2 + 55*x + 19. Calculate s(-13).
149
Let o(f) = -217*f**2 - 11345*f - 3177. What is o(-52)?
-5
Let f(p) = 3484